10, what is 9 + -6?
3
In base 11, what is -57 - 10?
-67
In base 14, what is -4 + -2d96?
-2d9a
In base 14, what is -34 - -26?
-c
In base 12, what is -79 + -4?
-81
In base 9, what is 41 - -12?
53
In base 13, what is -3a + -20?
-5a
In base 9, what is 335 - -2?
337
In base 4, what is -3 - -112212?
112203
In base 15, what is 5 - 190?
-18a
In base 4, what is 2001 - 22?
1313
In base 10, what is -759 - -4?
-755
In base 9, what is 12 - -738?
751
In base 15, what is -4ee + -1?
-500
In base 15, what is c0 - 9?
b6
In base 9, what is -438 + 3?
-435
In base 2, what is 11100101 + 1?
11100110
In base 12, what is 19b - -5?
1a4
In base 12, what is -85b - 2?
-861
In base 7, what is -1436 + 2?
-1434
In base 10, what is -16 - 82?
-98
In base 11, what is 2a1a + 4?
2a23
In base 2, what is -11 + 111010?
110111
In base 13, what is -2b + 33?
5
In base 14, what is -4 + d4?
d0
In base 16, what is 60 - 10?
50
In base 4, what is -101 + -2?
-103
In base 6, what is 4 - -205?
213
In base 10, what is 302 + 4?
306
In base 8, what is -320 - -24?
-274
In base 13, what is -c - -11?
2
In base 2, what is -11 - 10111100?
-10111111
In base 8, what is 5 + 341?
346
In base 7, what is -4164 - 0?
-4164
In base 8, what is 3763 - -5?
3770
In base 10, what is -19 - -7?
-12
In base 16, what is -4 - -5?
1
In base 13, what is 5 - -33c0?
33c5
In base 2, what is 100 - -1101?
10001
In base 4, what is 2233021 - 11?
2233010
In base 4, what is 12202 + 11?
12213
In base 8, what is 3 - 11?
-6
In base 13, what is -2 - 3a5?
-3a7
In base 9, what is -1 + 257?
256
In base 9, what is -41 + -18?
-60
In base 10, what is 78 + -4?
74
In base 11, what is 1742 - 4?
1739
In base 2, what is -1011 - 110100?
-111111
In base 15, what is -656 + -1?
-657
In base 9, what is -45 - -278?
233
In base 16, what is -1 - 11f?
-120
In base 6, what is 0 + -115?
-115
In base 3, what is -110211 + 0?
-110211
In base 16, what is -7c - -2?
-7a
In base 8, what is -2 - -1752?
1750
In base 15, what is 3 - -a4a?
a4d
In base 7, what is 2 - 3500?
-3465
In base 13, what is -2 + -a01?
-a03
In base 5, what is 413313 - 3?
413310
In base 12, what is -9 - -47?
3a
In base 15, what is -5c - -23?
-39
In base 5, what is -20 - -112?
42
In base 3, what is -2122 - -1211?
-211
In base 10, what is -2851 - 3?
-2854
In base 14, what is -3 + -c03?
-c06
In base 4, what is 20 + -212212?
-212132
In base 8, what is 6374 - 1?
6373
In base 4, what is -100020 - 23?
-100103
In base 4, what is 223222 + 1?
223223
In base 7, what is -362 - 2?
-364
In base 4, what is 2013120 - 0?
2013120
In base 16, what is -1060 - 1?
-1061
In base 10, what is 6 - -1?
7
In base 6, what is -4 + -143?
-151
In base 15, what is -1039 - -1?
-1038
In base 10, what is 69 - 0?
69
In base 10, what is -838 - -3?
-835
In base 11, what is -57a6 + 0?
-57a6
In base 9, what is -3274 + 5?
-3268
In base 8, what is 415 - -24?
441
In base 12, what is 798 - 3?
795
In base 2, what is -110100 - 0?
-110100
In base 16, what is -4 + -3e?
-42
In base 16, what is 1f + bc?
db
In base 7, what is -3 + -2220?
-2223
In base 15, what is -2 - -48?
46
In base 8, what is 5006 + -7?
4777
In base 16, what is 0 + ba?
ba
In base 4, what is 103 + -1?
102
In base 14, what is 4 + 1b7?
1bb
In base 9, what is -28 - -4?
-24
In base 5, what is -22 + 22?
0
In base 15, what is -3 + 143?
140
In base 2, what is 0 - 1001?
-1001
In base 7, what is 3 + 12625?
12631
In base 16, what is 8f + 37?
c6
In base 11, what is 594 - -2?
596
In base 6, what is 0 + 2002?
2002
In base 12, what is -277 + -1?
-278
In base 9, what is 4 + -121?
-116
In base 10, what is -5 + 28?
23
In base 8, what is -326 - 4?
-332
In base 2, what is 10100000 + 1?
10100001
In base 15, what is -1 + 2e?
2d
In base 12, what is b25 - 5?
b20
In base 7, what is 5 - 2633?
-2625
In base 11, what is 2 + 45?
47
In base 6, what is -122 + -150?
-312
In base 10, what is -181 - 107?
-288
In base 14, what is -3 + -d4?
-d7
In base 10, what is 2649 + 3?
2652
In base 5, what is -3 + -1201?
-1204
In base 7, what is 121235 + 2?
121240
In base 16, what is 7b + 10?
8b
In base 16, what is a + b5?
bf
In base 12, what is 5 + -178?
-173
In base 14, what is 22 - -1c?
40
In base 8, what is -22575 - 4?
-22601
In base 9, what is -541 - -2?
-538
In base 7, what is 114020 + 1?
114021
In base 13, what is -b - 96?
-a4
In base 7, what is -155 - 31?
-216
In base 12, what is -23a + -7?
-245
In base 13, what is -3 + 30?
2a
In base 16, what is -4 - -37e?
37a
In base 5, what is -3113 + 3?
-3110
In base 14, what is -71 + -6?
-77
In base 11, what is 3575 + -3?
3572
In base 9, what is -5 - 172?
-177
In base 15, what is -14 - -2?
-12
In base 15, what is 1cc - 3?
1c9
In base 13, what is -507 + 0?
-507
In base 12, what is -11b - -1?
-11a
In base 3, what is -2 + 11?
2
In base 13, what is -1 - -1?
0
In base 12, what is 11 - 31?
-20
In base 8, what is -3 + 2622?
2617
In base 5, what is 10 - 1120?
-1110
In base 12, what is -112a + -6?
-1134
In base 2, what is -100110010 - 110?
-100111000
In base 16, what is 6 - -18?
1e
In base 10, what is -1845 + -5?
-1850
In base 8, what is -101 + 3?
-76
In base 15, what is 35 + 37?
6c
In base 16, what is -1 + -1c?
-1d
In base 16, what is 26 + b6?
dc
In base 15, what is 3 + -5?
-2
In base 15, what is -7e + -32?
-b1
In base 3, what is -10111 - 1011?
-11122
In base 10, what is 21 - 60?
-39
In base 2, what is 10 - -100000?
100010
In base 10, what is 81 - 5?
76
In base 14, what is -32 - -43?
11
In base 7, what is -2 + -51?
-53
In base 10, what is 505 + 5?
510
In base 6, what is -4420 - 24?
-4444
In base 8, what is -2004 + 13?
-1771
In base 15, what is -8 - -1b?
13
In base 14, what is 57c + -5?
577
In base 2, what is -10101110100 - -101?
-10101101111
In base 14, what is 3 - -25?
28
In base 10, what is -5 + -42?
-47
In base 12, what is -3 + 378a?
3787
In base 15, what is 5 + -4dc?
-4d7
In base 12, what is -5 - -24?
1b
In base 11, what is 0 - -26?
26
In base 6, what is 114 - -21?
135
In base 11, what is 5 - 0?
5
In base 11, what is -2 + -15?
-17
In base 16, what is -8 + 1e?
16
In base 8, what is -1 - 161?
-162
In base 13, what is -190 - 0?
-190
In base 7, what is 515 + -2?
513
In base 4, what is -2131 - 210?
-3001
In base 6, what is 110 + -1341?
-1231
In base 4, what is 111332 - -21?
112013
In base 7, what is 12 + -1044?
-1032
In base 10, what is 7 - 9?
-2
In base 8, what is -12756 + 5?
-12751
In base 3, what is -21 + 221100?
221002
In base 9, what is -11 + -37?
-48
In base 3, what is -1 - -202?
201
In base 3, what is 2 - 100221?
-100212
In base 7, what is 0 + 5436?
5436
In base 12, what is 3 + 39?
40
In base 8, what is -142 + -2?
-144
In base 13, what is 29 + -3?
26
In base 14, what is 38 + 1?
39
In base 12, what is -55 + 13?
-42
In base 11, what is 7688 - -1?
7689
In base 7, what is -346 - 0?
-346
In base 14, what is 322 + 10?
332
In base 2, what is 1100000011111 + 100?
1100000100011
In base 3, what is -211 - -10?
-201
In base 4, what is 2011 + 3?
2020
In base 16, what is -1 + -4f1?
-4f2
In base 8, what is -616 + 5?
-611
In base 12, what is -9 + 8?
-1
In base 2, what is 10 - -10111011101?
10111011111
In base 14, what is -95 - 0?
-95
In base 7, what is 4 + 121?
125
In base 7, what is -54 + 31?
-23
In base 15, what is 5 - 41?
-3b
In base 14, what is -43 + 5?
-3c
In base 4, what is 11 - 200032?
-200021
In base 12, what is 36 - -4?
3a
In base 6, what is -1 - 20?
-21
In base 10, what is -13 + 54?
41
In base 9, what is 10 - -11?
21
In base 13, what is 11 + -16?
-5
In base 4, what is 222300 - 2?
222232
In base 4, what is 333 - -120?
1113
In base 13, what is -29c - 1?
-2a0
In base 10, what is 464 + 3?
467
In base 8, what is 406 - -13?
421
In base 10, what is -2579 + 1?
-2578
In base 3, what is 11002021 - -11?
11002102
In base 14, what is -3 - 67?
-6a
In base 4, what is -2 + -202?
-210
In base 15, what is -2 - 28d?
-290
In base 11, what is -98 + -1?
-99
In base 11, what is -5 - -8?
3
In base 6, what is 35 + -5?
30
In base 4, what is 212 - -330?
1202
In base 6, what is 1515 + -11?
1504
In base 8, what is 5 + 1522?
1527
In base 6, what is 413 + 51?
504
In base 4, what is -201 - 1?
-202
In base 11, what is 5 - 3aa?
-3a5
In base 10, what is -158 + 8?
-150
In base 15, what is 4a + -2?
48
In base 2, what is -100010000001010 + 1?
-100010000001001
In base 3, what is 100011 - -2?
100020
In base 15, what is -